- 27. Give r(18).
-531
Let f(p) = 20570*p + 493185. Calculate f(-24).
-495
Let m(o) = -o**3 - 281*o**2 - 9092*o - 2375. Calculate m(-37).
-7
Let x(k) = -7*k**2 + 139*k + 3. What is x(23)?
-503
Let h(p) = 4*p**3 + p**2 - 8*p - 116. What is h(-5)?
-551
Let t(k) = -23304*k + 116515. What is t(5)?
-5
Let v(y) = 28*y**2 + 2756*y - 16459. Calculate v(6).
1085
Let h(a) = -a**3 + 14*a**2 + 55*a - 1023. Give h(16).
-655
Let n(r) = -3883*r - 1036766. Determine n(-267).
-5
Let j(a) = -40154*a + 321266. Determine j(8).
34
Let c(m) = -m**3 + 160*m**2 - 1358*m + 89. What is c(151)?
240
Let m(q) = 4096*q**2 - 36951*q + 779. What is m(9)?
-4
Let x(a) = 72421*a - 362111. Give x(5).
-6
Let i(f) = -f**3 + 175*f**2 - 4467*f - 348. Calculate i(144).
-780
Let a(i) = i**3 + 3*i**2 - 366*i + 5. Give a(0).
5
Let k(u) = -98*u**2 - 317*u + 5087. Determine k(6).
-343
Let x(a) = a**3 - 48*a**2 - 11*a + 3085. Determine x(47).
359
Let m(y) = 2*y**2 - 23*y - 69. Give m(8).
-125
Let s(y) = -3*y**3 + 29*y**2 - 205*y + 2233. What is s(10)?
83
Let u(s) = 10702*s + 64089. Give u(-6).
-123
Let z(s) = -15128*s - 11527545. Calculate z(-762).
-9
Let w(i) = i**3 - 235*i**2 + 738*i - 9650. Calculate w(232).
94
Let o(v) = 40*v + 561. Calculate o(17).
1241
Let f(o) = -55*o**2 - 243*o + 31932. What is f(22)?
-34
Let h(c) = 2*c**3 + 10*c**2 - 1389*c - 7023. Calculate h(-5).
-78
Let f(u) = u**3 + 30*u**2 - 95*u - 52. Determine f(-33).
-184
Let p(o) = 78*o**2 + 2422*o + 102. Determine p(-31).
-22
Let t(c) = 18*c**2 - 1103*c + 13376. Determine t(45).
191
Let j(w) = w**2 + 3*w - 10071. Determine j(98).
-173
Let d(j) = -3546*j + 258782. Calculate d(73).
-76
Let g(x) = -x**3 - 15*x**2 + 2271*x + 3919. What is g(-55)?
14
Let s(f) = f**3 - 65*f**2 + 141*f - 5052. Give s(64).
-124
Let c(p) = 102*p**2 - 1774*p - 3121. Give c(19).
-5
Let o(r) = 200212*r + 1401509. Give o(-7).
25
Let w(m) = -92*m**2 + 8501*m - 11748. What is w(91)?
-9
Let q(s) = 5*s**3 - 60*s**2 - 20*s + 209. Give q(12).
-31
Let k(w) = w**3 - 58*w**2 + 188*w - 589. Give k(55).
676
Let d(i) = -2*i**3 + 49*i**2 - 25*i + 1258. Determine d(25).
8
Let j(z) = 17*z**2 - 6602*z + 13196. Give j(2).
60
Let c(y) = y**2 + 27*y - 1190. Give c(-50).
-40
Let i(a) = -33*a**2 + 171*a + 147. What is i(-9)?
-4065
Let w(b) = 58681*b + 293215. Determine w(-5).
-190
Let x(j) = 2*j**2 - 26*j - 4863. What is x(57)?
153
Let h(l) = -195*l**2 + 3822*l + 10301. Calculate h(22).
5
Let c(q) = -192*q**2 + 1169*q + 100. Give c(6).
202
Let o(g) = -g**3 + 4*g**2 - 98*g + 489. Calculate o(5).
-26
Let y(f) = 10*f**2 - 944*f - 1883. Determine y(-2).
45
Let s(g) = -668*g + 200981. Determine s(302).
-755
Let j(o) = 71*o**2 + 1589*o + 3328. Give j(-20).
-52
Let f(i) = 47*i**3 - 247*i**2 + 55*i - 47. What is f(5)?
-72
Let t(v) = 646*v + 5810. Determine t(-10).
-650
Let u(a) = -3*a**3 - 525*a**2 - 2*a - 732. What is u(-175)?
-382
Let z(w) = 32*w + 2647. Give z(-38).
1431
Let v(m) = -2*m**3 - 4*m**2 + 18*m - 8. Give v(2).
-4
Let j(a) = 48*a**2 + 1113*a + 1112. Calculate j(-1).
47
Let b(s) = -338*s**2 + 1727*s - 152. What is b(5)?
33
Let q(i) = 5*i**2 - 424*i - 58754. Give q(-74).
2
Let z(r) = r**3 + 110*r**2 - 225*r + 366. Calculate z(-112).
478
Let j(c) = 31*c**2 + 1478*c + 16173. Calculate j(-17).
6
Let d(q) = -q**3 + 2*q**2 + 2290*q - 607. Give d(-47).
4
Let r(o) = -592*o**3 - 71*o**2 + 126*o - 54. Give r(1).
-591
Let s(l) = l**3 - 15*l**2 - 49*l + 138. Determine s(17).
-117
Let b(q) = -2*q**3 - 414*q**2 + 370*q - 10027. Give b(-208).
-459
Let o(l) = l**3 - 464*l**2 - 1859*l - 1. Give o(-4).
-53
Let f(v) = -33382*v + 67148. Calculate f(2).
384
Let a(j) = -63*j**3 - 9*j**2 - 19*j + 74. Give a(2).
-504
Let y(j) = -j**2 - 10098*j - 131096. Give y(-13).
9
Let q(w) = 2*w**2 + 1025*w + 61962. Give q(-70).
12
Let t(g) = -g**3 - 82*g**2 + 56*g + 4829. Determine t(-82).
237
Let m(l) = -l**3 + 183*l**2 - 714*l - 1365. What is m(179)?
-1007
Let p(i) = 6*i**3 + 1679*i**2 - 10577*i + 1373. Determine p(-286).
-57
Let o(l) = 10*l**3 - 234*l**2 - 57*l + 32. Give o(24).
2120
Let k(o) = 2*o**3 + 893*o**2 + 1317*o + 388413. Determine k(-446).
-53
Let y(p) = 4662*p - 21856. Give y(5).
1454
Let y(z) = -17*z**2 + 20783*z + 627242. Calculate y(1252).
-10
Let f(j) = -8*j**2 + 269*j - 424. What is f(4)?
524
Let n(m) = 26*m**2 + 2239*m - 4259. Calculate n(-88).
53
Let x(d) = d**3 + 11391*d**2 - 11377*d - 15. Give x(1).
0
Let z(a) = a**2 + 267*a - 796688. Determine z(769).
-4
Let u(r) = -r**3 - 46*r**2 - 108*r + 1428. Give u(-42).
-1092
Let y(v) = 1213319*v + 31546295. What is y(-26)?
1
Let r(t) = -50*t**3 + 4297*t**2 + 284*t - 2218. Determine r(86).
18
Let m(h) = -7*h**3 + 18*h**2 + 274*h - 1134. Determine m(4).
-198
Let g(b) = b**3 - 9*b**2 + 47091*b - 376615. Give g(8).
49
Let z(t) = 63898*t + 63960. Calculate z(-1).
62
Let a(t) = 3*t**2 - 209*t + 2179. Give a(10).
389
Let o(x) = 487*x + 14092. Calculate o(-29).
-31
Let k(r) = -r**3 + 4*r**2 - 1552*r + 6209. Determine k(4).
1
Let t(q) = -58205*q - 232811. Calculate t(-4).
9
Let m(b) = -b**3 - 66*b**2 - 112*b + 917. What is m(-64)?
-107
Let l(w) = -3*w**3 - 17*w**2 - 172*w - 604. Calculate l(-4).
4
Let k(h) = -1125*h + 13227. What is k(13)?
-1398
Let x(a) = -3*a**3 - 34*a**2 - 67*a - 449. Give x(-11).
167
Let u(r) = -113945*r + 683846. What is u(6)?
176
Let a(c) = -8*c**3 - 73*c**2 + 261*c - 18. Give a(4).
-654
Let w(h) = -510807*h + 25540349. Determine w(50).
-1
Let r(u) = -19639*u - 78565. What is r(-4)?
-9
Let y(f) = f**2 - 6176*f + 86272. Determine y(14).
4
Let c(p) = -5*p**2 + 2252*p - 22864. What is c(440)?
16
Let d(t) = 8*t**2 - 5871*t + 1069484. Give d(336).
-4
Let x(l) = -203782*l - 611327. What is x(-3)?
19
Let t(u) = 15*u**3 - 23*u**2 - 302*u + 322. Give t(1).
12
Let j(g) = 3*g**3 - 679*g**2 + 3118*g - 653591. Calculate j(226).
1
Let j(z) = -4*z**2 + 312*z + 22953. Calculate j(124).
137
Let s(p) = 6*p**2 - 1244*p - 33293. Give s(-24).
19
Let h(x) = -3*x**2 - 197*x - 2756. Calculate h(-20).
-16
Let l(d) = d**3 + 13*d**2 - 116*d - 66. What is l(-16)?
1022
Let g(i) = -18407*i - 2227244. Calculate g(-121).
3
Let b(w) = w**3 - 14*w**2 + 10*w + 545. Calculate b(0).
545
Let a(w) = 33*w**2 + 872*w - 6479. Calculate a(6).
-59
Let o(p) = -p**3 + 264*p**2 + 1110*p - 9915. Give o(268).
269
Let j(f) = -7*f**3 + 908*f**2 + 260*f. Calculate j(130).
0
Let h(n) = 45*n**2 + 2058*n + 4119. Give h(-2).
183
Let t(q) = -28*q + 545. Give t(26).
-183
Let h(p) = 13164*p - 1000478. Calculate h(76).
-14
Let t(l) = -l**3 + 174*l**2 + 333*l + 3336. What is t(176)?
-8
Let t(f) = 7*f**2 + 2387*f - 27063. Give t(11).
41
Let o(k) = k**3 - 48*k**2 - 4178*k + 156. Determine o(-45).
-159
Let v(h) = 42*h**3 - 2182*h**2 - 98*h - 436. Give v(52).
-124
Let y(l) = -1649*l + 162410. What is y(99)?
-841
Let c(h) = -864*h + 25931. Give c(30).
11
Let f(g) = 5*g**2 + 351*g - 1932. Calculate f(-76).
272
Let r(j) = j**3 - 52*j**2 + 499*j - 10260. Calculate r(46).
-2
Let h(n) = 78718*n + 314889. What is h(-4)?
17
Let y(a) = -41539*a + 540008. Calculate y(13).
1
Let p(f) = 9856*f + 39430. Calculate p(-4).
6
Let p(b) = b**2 - 178131*b - 6057618. Give p(-34).
-8
Let v(u) = -u**3 + 240*u**2 - 5943*u + 1322. Calculate v(212).
-162
Let t(d) = 2*d**2 - 167*d - 3333. Give t(101).
202
Let y(m) = m**3 - 370*m**2 - 368*m - 712. Determine y(371).
401
Let o(t) = 7*t**2 + 273*t - 1687. What is o(6)?
203
Let r(j) = -2*j**3 - 30*j**2 + 204*j + 3024. What is r(-14)?
-224
Let u(s) = 23079*s + 184641. Give u(-8).
9
Let u(r) = -243*r + 218. Determine u(1).
-25
Let o(v) = v**3 + 279*v**2 - 1273*v - 199760. Calculate o(-281).
31
Let a(h) = -3*h**3 - 1004*h**2 - 7521*h - 6. What is a(-327)?
-6
Let h(w) = -17*w**2 + 1336*w - 3736. Calculate h(76).
-392
Let s(g) = 4*g**2 - 102*g + 2805. Give s(32).
3637
Let b(n) = -593*n**2 - 16604*n + 32. What is b(-28)?
32
Let w(s) = 9*s**3 - 403*s**2 - 91*s - 201. What is w(45)?
-246
Let j(h) = h**2 - 124*h - 17518. What is j(208)?
-46
Let n(a) = -8*a**3 + 7*a**2 - 5084*a + 30524. Calculate n(6).
-1456
Let h(b) = -b**2 - 238*b - 5864. Determine h(-28).
16
Let s(k) = 8826*k + 88945. Calculate s(-10).
685
Let s(p) = -2*p**2 + 288*p + 3685. Calculate s(157).
-397
Let n(o) = 945*o - 7913. Determine n(10).
1537
Let n(q) = 3*q**3 - 352*q**2 + 13*q - 10. Give n(0).
-10
Let w(